isor of 129 and 41935879.
43
Calculate the highest common factor of 3876 and 1037028.
12
Calculate the highest common factor of 1007 and 28640935.
53
What is the greatest common divisor of 15 and 569631?
3
What is the greatest common factor of 5783337 and 9594?
369
Calculate the greatest common divisor of 21762 and 2773849.
403
Calculate the highest common divisor of 976 and 9538936.
488
Calculate the highest common divisor of 32 and 288940768.
32
What is the greatest common divisor of 675070 and 30?
10
Calculate the highest common factor of 54 and 4156704.
54
Calculate the greatest common factor of 951023088 and 4644.
1548
Calculate the highest common factor of 2610993 and 191643.
381
Calculate the greatest common divisor of 3090 and 107590710.
3090
Calculate the greatest common factor of 3101040 and 42048.
10512
What is the greatest common divisor of 826000 and 179655?
2065
Calculate the greatest common factor of 73874 and 2946370.
1718
What is the highest common divisor of 3353 and 124953377?
479
Calculate the greatest common factor of 1601920224 and 32.
32
What is the greatest common factor of 9683402 and 70927?
3733
What is the highest common factor of 12999492 and 43164?
396
Calculate the highest common divisor of 142124152 and 67.
67
Calculate the highest common divisor of 1312030 and 18130.
10
What is the highest common factor of 48266250 and 300?
150
What is the highest common factor of 10623 and 68079?
3
Calculate the greatest common factor of 100 and 2918796400.
100
What is the greatest common divisor of 47108875 and 3300?
275
What is the highest common factor of 66995786 and 234?
26
Calculate the greatest common factor of 255 and 386391402.
51
Calculate the greatest common divisor of 37910693 and 1748.
23
What is the greatest common factor of 12742741 and 136?
17
Calculate the highest common factor of 312 and 797274.
6
What is the highest common divisor of 680 and 23948495?
85
What is the greatest common divisor of 8910 and 6148230?
330
What is the greatest common divisor of 16418453 and 7209?
89
What is the highest common factor of 92186161 and 785?
157
What is the highest common factor of 411653 and 11506?
11
What is the highest common divisor of 2852928 and 41904?
432
Calculate the greatest common divisor of 3672 and 15981921.
459
What is the greatest common factor of 114506 and 59710?
14
What is the highest common factor of 189 and 3957660?
189
Calculate the highest common divisor of 356368266 and 12.
6
What is the highest common factor of 16 and 292166296?
8
What is the highest common divisor of 4216698 and 4446?
18
What is the highest common divisor of 21 and 8443029?
21
What is the highest common divisor of 48672 and 21996000?
3744
What is the highest common divisor of 3637 and 88971931?
3637
Calculate the highest common factor of 1209 and 10571.
31
Calculate the highest common divisor of 2875956 and 144447.
1623
What is the greatest common factor of 28707 and 2721?
3
Calculate the highest common factor of 2240868 and 16539.
111
What is the greatest common divisor of 5388273 and 88?
11
What is the highest common divisor of 460 and 219246120?
460
What is the highest common divisor of 10163907 and 1242?
621
Calculate the greatest common factor of 193330841 and 44.
11
What is the highest common factor of 15387 and 957339?
669
What is the highest common factor of 870172 and 1682682?
5242
Calculate the greatest common factor of 1404810 and 510.
30
What is the greatest common factor of 1880 and 1980360?
40
Calculate the greatest common divisor of 45 and 61585635.
15
What is the highest common divisor of 66224262 and 156?
78
What is the greatest common divisor of 156309013 and 1141?
1141
Calculate the highest common factor of 4715 and 205.
205
What is the highest common factor of 158396916 and 12?
12
Calculate the greatest common factor of 3003312 and 65312.
208
Calculate the greatest common factor of 510055 and 7657.
247
Calculate the greatest common divisor of 113900 and 1409300.
1700
What is the highest common divisor of 173696190 and 30?
30
What is the highest common divisor of 10117470 and 2034120?
7590
What is the highest common divisor of 5893 and 878389?
83
What is the highest common factor of 2033 and 203407?
107
Calculate the highest common factor of 247134882 and 34.
34
What is the greatest common factor of 89264 and 2619120?
112
Calculate the highest common divisor of 2178 and 577476.
18
What is the highest common factor of 2296 and 4485187?
7
What is the greatest common divisor of 38658960 and 144?
144
Calculate the highest common divisor of 606435549 and 3013.
3013
What is the highest common divisor of 11195863 and 147?
49
Calculate the greatest common divisor of 43076872 and 16.
8
Calculate the highest common divisor of 908 and 479868.
4
What is the highest common factor of 332564 and 2272?
284
What is the highest common divisor of 772715312 and 16?
16
What is the greatest common divisor of 278783 and 236003?
713
What is the greatest common factor of 5642 and 71895200?
806
What is the highest common divisor of 78408 and 143627?
121
Calculate the greatest common divisor of 8652378 and 147.
21
Calculate the greatest common divisor of 15279 and 2241383.
463
Calculate the highest common factor of 49308 and 63028.
28
Calculate the greatest common factor of 1026108 and 4860.
324
Calculate the highest common divisor of 1370560 and 1600.
320
What is the highest common divisor of 30460864 and 448?
448
What is the greatest common factor of 32592400 and 450542?
9586
Calculate the highest common divisor of 1064 and 9299132.
76
Calculate the greatest common factor of 3962803 and 260.
13
What is the highest common divisor of 17561 and 2584289?
17
Calculate the highest common divisor of 2352 and 727932.
12
What is the highest common factor of 180224 and 121792?
704
Calculate the highest common divisor of 9540 and 25368450.
1590
Calculate the greatest common factor of 37464693 and 16695.
1113
Calculate the greatest common factor of 159 and 121067211.
159
What is the highest common divisor of 516 and 9394941?
129
What is the greatest common divisor of 7162 and 741489022?
7162
What is the highest common divisor of 11968 and 3586880?
704
What is the greatest common divisor of 14 and 16952565?
7
What is the greatest common divisor of 5100 and 448160800?
1700
Calculate the highest common factor of 1642218 and 2212926.
1146
What is the greatest common factor of 32792495 and 885?
295
Calculate the highest common divisor of 2973 and 8220.
3
What is the highest common factor of 390598632 and 72?
72
Calculate the greatest common factor of 643390 and 62260.
110
Calculate the highest common divisor of 3071 and 391843.
83
What is the highest common divisor of 3332 and 4376225?
119
What is the greatest common factor of 7149115 and 28535?
2195
Calculate the greatest common divisor of 28 and 97363938.
14
What is the greatest common factor of 213484 and 922412?
4028
Calculate the highest common divisor of 457695 and 5250.
105
What is the highest common divisor of 2 and 47374749?
1
What is the highest common factor of 10016 and 681504?
32
What is the greatest common factor of 1542559520 and 160?
160
What is the greatest common factor of 176107590 and 11160?
2790
Calculate the greatest common factor of 40 and 1410428.
4
Calculate the highest common factor of 3107160 and 69822.
162
Calculate the greatest common divisor of 67034784 and 139872.
4512
What is the greatest common factor of 2805003 and 7101?
27
Calculate the highest common divisor of 251532 and 2104731.
3699
Calculate the greatest common divisor of 278766 and 4947.
51
What is the greatest common factor of 352143313 and 7811?
7811
What is the highest common divisor of 3403246 and 18081?
2009
Calculate the greatest common factor of 70668 and 246312.
36
Calculate the highest common factor of 4 and 29903316.
4
What is the highest common divisor of 4982 and 11107369?
2491
What is the greatest common divisor of 483 and 498872346?
483
Calculate the highest common divisor of 3750 and 61830.
30
What is the greatest common factor of 235267474 and 1942?
1942
Calculate the greatest common factor of 101070450 and 18.
18
Calculate the greatest common factor of 58491 and 9426654.
873
What is the great